
Suppose -20 = -4*x + 8. Let i(a) = -a + 10. Let v be i(x). Suppose -2*y + v*y = 15. What is the tens digit of y?
1
Let d(r) = -38*r + 5. What is the hundreds digit of d(-4)?
1
Suppose 2*b = 4*v - 30, 0 = 5*v - v - 3*b - 29. Suppose 3*i - v + 20 = -3*x, -5 = x. Suppose 5*w = 21 - i. What is the units digit of w?
4
Let d be 6/(-8) - 325/52. Let g(v) = v**3 + 9*v**2 + 6*v + 15. What is the tens digit of g(d)?
7
Suppose 0 = 5*y - 7*p + 2*p + 410, 0 = -y - 2*p - 88. Let z = 197 + y. What is the tens digit of z?
1
Suppose 0 = 5*j + 2*c - 536 + 163, 2*j - 4*c = 154. Suppose 0 = 4*i + i + j. Let p = 0 - i. What is the units digit of p?
5
Suppose -3*z - 4*g + 22 = 0, 1 = -3*z + g + 3. Suppose m = 3*n - 448, -4*n + 593 = m + z*m. What is the hundreds digit of n?
1
Let g(v) = -v**3 + v**2 + 2*v + 971. What is the hundreds digit of g(0)?
9
Suppose 0 = -9*l - 44*l + 70278. What is the hundreds digit of l?
3
Let q(h) = 0*h - h + 2*h + 145. Let r be q(0). Suppose -19*x + 14*x = -r. What is the tens digit of x?
2
Let r(t) = -23*t - 29. Let q(k) = -12*k - 15. Let y(u) = -5*q(u) + 3*r(u). What is the tens digit of y(-7)?
5
Let s(k) = 4 + 4*k - 2*k**2 + 4 - 12*k + 0*k**2. Let t(g) = -g**2 - 1. Let n(l) = s(l) - t(l). What is the units digit of n(-8)?
9
Let v be (-1)/2 + (-5116)/8. What is the tens digit of v/(-15) + (-3)/(-9)?
4
Suppose -6*o + 644 = -2*o. Suppose -4*n + 423 = b, 5*n + 5*b = 671 - o. What is the tens digit of n?
0
Suppose 0 = 5*s + 4*n - 17, -2*s + 6*n - 4*n + 14 = 0. Suppose -r = 4*c - 446, 4*r - 435 - 128 = -s*c. What is the units digit of c?
1
Let g(h) = 4*h**3 - 8*h**2 + 4*h - 30. Let z be g(4). Let x be 0 - (-1)/((-2)/(-160)). Let s = z - x. What is the tens digit of s?
3
Let s(k) = -k**2 + 26. Let x be (-33)/(-55) - (-3)/(-5). Let d be s(x). Let r = d - -19. What is the units digit of r?
5
Let p(g) = 3 + 5*g**2 - 20*g**3 + 0*g + 0*g + 19*g**3. Let z be p(5). Suppose 5*v = -z*x + 45, 6*v + x = v + 55. What is the tens digit of v?
1
What is the units digit of (-4)/10 + (-517983)/(-345)?
1
Suppose 5*j + 6*d - 13 = 5*d, j - 2*d + 4 = 0. Suppose 5*w + 4*z = -32, -j*z - 1 = -2*w - 3. What is the units digit of w/18 - 880/(-72)?
2
Let v(o) = -44*o + 8. Let z be v(-9). Let h = z - 189. What is the units digit of h?
5
Suppose 5*j = -5*o + 3090, 0 = -5*o + 3*j - 4*j + 3102. What is the tens digit of o?
2
Let q = 1056 + -107. Let z = -675 + q. What is the tens digit of z?
7
Suppose -z = -5*z + 4. Let i(x) = -3*x**2 + 5*x**2 + 4*x - z - 2*x. What is the units digit of i(3)?
3
Suppose -2*h = -3*c + 2*c + 8, 2*c + 5*h + 29 = 0. Let x(n) = 6*n**2 - 4*n - 6. What is the tens digit of x(c)?
2
Suppose -7*f + 3*f - d - 31 = 0, 3*d - 43 = 5*f. What is the units digit of ((-4)/(-6))/(f/(-84))?
7
Suppose -5*d + 11*d = -36. Let s = 28 + d. What is the units digit of s?
2
Let r be ((-3)/12)/(6/(-120)). Suppose -r*g + 99 = -181. What is the units digit of g?
6
What is the tens digit of ((-2845)/2)/(100/(-160))?
7
Suppose 8 = -2*b, 2*b = -2*c - 2*c + 5232. What is the units digit of c?
0
Suppose -29*r = -26*r - 1323. What is the units digit of r?
1
Suppose 4*p - 2*l + 8 = 2*l, -4*p - 2*l + 16 = 0. Suppose 4*m - 215 = -4*n - n, -3*m = p*n - 163. What is the tens digit of m?
5
Let o be 32/(6/3) + 16/8. What is the units digit of ((-20104)/36)/(-7) + 4/o?
0
Suppose 3*r + 216 = 1071. What is the tens digit of r?
8
Suppose 11*k = -2*k + 182. Suppose -36 = -k*r + 10*r. What is the units digit of r?
9
Let t be (-1)/2*-88 + 4. Let d be (t/9)/(6/27). Suppose 4*o = -5*v - d + 112, 3*v - 2*o = 66. What is the tens digit of v?
2
What is the units digit of (-20535)/(-35) - ((-24)/21)/4?
7
What is the tens digit of (50 + 2)/((-2)/(-20))?
2
Suppose -7*w + 6*w + 12 = 0. Let q = w - 9. What is the units digit of q?
3
Suppose 4*i + 6213 - 117 = 4*v, -v = -5*i - 1528. What is the thousands digit of v?
1
Let n(h) = 58*h - 3. Let k be (((-4)/(-3))/(-2))/((-10)/45). What is the tens digit of n(k)?
7
Let s(l) = 9*l**2 - 36*l - 14. Let h(p) = -4*p**2 + 18*p + 7. Let y(j) = -5*h(j) - 2*s(j). What is the tens digit of y(10)?
1
Suppose -327 = -5*z + 8*z. Let d = -70 - z. What is the units digit of d?
9
Let q = -53 - -26. Let a = q + 28. What is the units digit of -2*a/4*-20?
0
What is the units digit of 3/(-2)*(249/(-9) - 7)?
2
Let b(u) = 6*u**3 - 4*u**2 + 4*u + 14. What is the hundreds digit of b(5)?
6
Let i be (-6)/24 + (-42)/(-8). Suppose i*x - 25 = 35. Suppose -3*u - x = -v - u, -20 = 5*u. What is the units digit of v?
4
Suppose 2*d = -2*d - 24. Let p be ((-18)/(-24))/(3/72). Let h = d + p. What is the units digit of h?
2
Suppose -w - 3*b = 5 + 4, -w = 4*b + 12. Suppose 5*x + 0*x - 355 = w. Suppose 114 = 5*o - x. What is the tens digit of o?
3
Let z(g) = -124*g - 57. What is the tens digit of z(-2)?
9
Suppose 0 = -5*r + 621 - 211. Let t = r + -16. What is the units digit of t?
6
Let l = 6 - -22. What is the units digit of l/14 - -21*1?
3
Let b be (-9)/(-6)*(-6)/(-3). Let x = b - 1. Suppose 0 = x*h - 17 - 17. What is the units digit of h?
7
Let q(c) = 10*c. Let l be q(-1). Suppose -30*j + 8*j - 132 = 0. What is the units digit of (l/j)/(1/9)?
5
Suppose 5*y = 2*y + 1632. Let n be 158/6 + (-5 - 170/(-30)). What is the units digit of (n/4)/(51/y)?
2
Suppose -56 = 8*d + 8. Let f be (-2)/d + 38/8. Suppose 8 = -5*a + 3*b + 48, -4*b + f = 5*a. What is the units digit of a?
5
Let s = -51 - 31. Suppose 4*q - 21 + 5 = 0, 0 = -r - 3*q + 10. What is the units digit of r - 4/(8/s)?
9
Let t(h) = -h**3 - 13*h**2 - 11*h + 16. Let j = 19 + -31. Let r be t(j). Suppose r*f - g - 60 = 0, -f + 12 = f - 5*g. What is the tens digit of f?
1
Suppose 223 = 5*i - g, 2*i - 97 = g + 2*g. What is the units digit of i?
4
Let i = 10 - 7. Let r(l) = -l**2 + 5*l + 15. Let p be r(7). Suppose p = -i*w + 16. What is the units digit of w?
5
What is the thousands digit of 4/((-180)/(-19017))*5?
2
What is the units digit of 36/(-8)*90*84/(-35)?
2
Let a = -10 - -9. Let g be (-5*2)/a + -3. Suppose 20 = -5*f + g*f. What is the units digit of f?
0
Suppose -25*n + 14443 = -757. What is the units digit of n?
8
Let m = 373 + 1629. What is the tens digit of m?
0
Suppose 0 = 10*a + 143 - 1233. Suppose -27 = -2*o + a. What is the tens digit of o?
6
Let v = 30 + -25. Let w be (-3)/v - 13/(-5). What is the units digit of 17/(w + 5/(-3))?
1
Suppose -3*p + 2*p - 5*c + 29 = 0, -4*p + 4*c - 4 = 0. Suppose p*z = 9*z - 25. Suppose -2*n - 126 = -z*n. What is the units digit of n?
2
Let o = 73 + -46. Suppose 0 = -3*q + 9 + o. What is the tens digit of q?
1
Let b = -847 + 2054. What is the thousands digit of b?
1
Let k(g) = 44*g**3 - 2*g**2 + 4*g + 3. What is the units digit of k(2)?
5
Let p(k) be the second derivative of k**4/6 + 2*k**3/3 + 5*k**2 + 4*k. Suppose -m - 5*w = -10, 4*w = -0*m + 4*m + 32. What is the tens digit of p(m)?
4
Suppose -4*a - 3*s + 44 = 0, 2*a + 0 - 22 = 2*s. Suppose a = f + 4*u - 10, -2*f + 2*u = 8. Let w(g) = 6*g - 2. What is the units digit of w(f)?
4
Let p = -332 - -472. Suppose -p = -u + 49. What is the tens digit of u?
8
Suppose -5*s = -v - 7*s + 20, -4*v + 73 = s. Suppose v*l + 300 = 21*l. What is the tens digit of l?
0
Let t(p) = p**3 + 17*p**2 + 14*p - 21. Let a be t(-16). Let w(n) = 7 + a + 3*n - 8. What is the tens digit of w(8)?
3
Suppose 2*z + 17 = 3*z. Suppose 68 = 3*i + z. What is the tens digit of i?
1
Let o = -23 - -45. Suppose -133 - o = -5*v. Let c = 32 - v. What is the units digit of c?
1
Suppose 8*l - 2*l - 18 = 0. Suppose k - 2*k + 5 = 0. Suppose -l*x + 2 + 7 = 0, k*h - 3*x = 211. What is the tens digit of h?
4
Suppose 9984 = -73*m + 86*m. What is the tens digit of m?
6
Suppose -40 = -5*y + y. Let c = 57 + y. Let k = c - 34. What is the units digit of k?
3
Suppose 9*y = -15*y + 5064. What is the tens digit of y?
1
Let q be (4 - 2915/20)*-8. Suppose -9*m + 63 = -q. What is the hundreds digit of m?
1
Let m(g) = -6*g**3 - 3*g**2 - 3*g - 1. Let s be m(-1). Suppose t = -3, 4*t - 27 = -s*x + 66. What is the tens digit of x?
2
Let b = -180 + 1163. What is the tens digit of b?
8
Suppose 0 = 2*k - 3 - 9. Let m be ((-3)/k - -2)*2. Suppose -m*z - 65 = -b - 172, z = -3*b + 49. What is the tens digit of z?
3
Let p = -25 + 28. Suppose -2*b = 4*r - p*r - 233, 0 = r - 4*b - 209. Suppose 5*o + 0*o - r = 0. What is 